rmine g(a).
5
Let s(c) = 2 + 4*c + 0 - 3*c. Suppose 0*x = 5*x. Calculate s(x).
2
Let k be 120/28 - (1 + (-5)/7). Let u(p) = p**3 - 3*p**2 - 2*p - 2. What is u(k)?
6
Let j = -4 + 26. Let n = 23 - j. Let m(w) = 7*w + 1. Give m(n).
8
Let m(t) = -2*t - 1. Let b be -5*((-6)/5)/3. Suppose 6*p - b*p = 16. Suppose -i = p*f + 13, -2*i + 6*f = f - 13. What is m(i)?
1
Let o(n) be the third derivative of -n**6/720 - n**5/60 - n**4/12 + 2*n**2. Let t(l) be the second derivative of o(l). Calculate t(-5).
3
Let g(d) be the third derivative of -d**8/20160 - d**6/360 + d**5/20 - 3*d**2. Let u(n) be the third derivative of g(n). Give u(-2).
-6
Let s = 6 + -1. Let l(j) = 4 + s*j + j + j**2 + 0*j**2 + 0*j**2. Determine l(-3).
-5
Let i be 3 - 1 - (-3)/(-3). Let x be (i + -1)/(5 + -3). Suppose x = -3*o - 3 - 0. Let f(j) = -2*j**3 + 2*j**2 + j. Calculate f(o).
3
Suppose -2*r + 4 = -0. Let w(t) = 4 - r*t + 7*t + t**2 + 1. Suppose -3*d - 5*b - 40 = 0, -d - 8 - 7 = 2*b. Determine w(d).
5
Suppose 3*l = -2*i - 6, -3*l + l = -4*i + 4. Let o(k) = k**2 - k - 1. Give o(i).
-1
Let o(r) = r**3 + 7*r**2 + 7*r - 2. Let i be (0 - (-10)/(-3))/((-14)/(-21)). Determine o(i).
13
Let m = 2 + -3. Let f = m + 6. Suppose f*c = 4*c. Let q(l) = -l**2 - l. What is q(c)?
0
Let l(m) = -2*m + 3*m + 2 - m**2 + m. Let g(k) = -3*k - 1. Let y be g(-1). Let p = y - 4. Give l(p).
-6
Let g(m) = m**3 + 2*m - 3. Let z be 3 + 2 + -1 - 1. Suppose -3 = z*u - 9. Give g(u).
9
Suppose -f - 3*j - 2 = 0, 0*f = f - 2*j - 3. Let g(o) = 2*o - f + 0 - o. Calculate g(2).
1
Let o(p) = -9*p + 8. Let x(v) = 5*v - 5. Let j(d) = -3*o(d) - 5*x(d). Suppose -3*l + 4*k = 2*l - 30, 0 = 5*l - 5*k - 35. Give j(l).
5
Suppose 0 = -8*u + 45 - 5. Let b(r) = -r + 3. Calculate b(u).
-2
Let k(o) = o**2 + 4*o + 1. Suppose -3*j + 4 + 11 = -3*g, 4*j = -2*g - 10. Give k(g).
6
Suppose 2*z + 0*m = -m, 0 = -5*z - 2*m - 1. Let s(y) = 13*y**2 + 2*y + 1. Give s(z).
12
Suppose -f + 0*f = -3*m, f - 14 = -4*m. Let b(c) = -7 - 1 + 1 - 3*c + 4*c. What is b(f)?
-1
Suppose 67 = 5*t + 72. Let l(a) = a**2 - a - 1. Determine l(t).
1
Let q(d) = -d**3 - 7 - 2*d**2 + 3*d**2 + 0*d**2. Let c(g) = 4*g + 8. Let i be c(-2). What is q(i)?
-7
Let g be -1*(1 - (3 + 2)). Let n(q) = -q**3 + 4*q**2 + 5*q - 6. Calculate n(g).
14
Let l = -2 - -8. Let t(d) = -8*d - 1. Let f(i) = 9*i + 1. Let v(w) = l*f(w) + 7*t(w). Let q be (-9)/(-15) + 6/(-10) + 2. Give v(q).
-5
Let n(t) be the second derivative of t**3/6 + 7*t**2/2 + 45*t. Give n(0).
7
Let c(q) be the first derivative of q**4/4 - 2*q**3 + q**2/2 + 3*q - 392. Suppose 3*u + 0*u - 15 = 0. Calculate c(u).
-17
Let g be 2/5 + 23/5. Suppose 2*b - g*x = -10, 5*x - 14 = -2*b + 16. Let f(p) = 2*p - 7. Give f(b).
3
Suppose 10 = -2*b, -5*j = 4*b + 8 + 12. Let r(l) be the second derivative of -2*l**2 - 7/12*l**4 + l**3 + 1/20*l**5 + 2*l + j. Give r(6).
-4
Let q(w) = 4*w - 5. Let p(d) = 7*d - 9. Let v(u) = -3*p(u) + 5*q(u). Determine v(-6).
8
Let p(w) = 5*w - 9. Let q(m) = 4*m - 8. Let a(t) = 5*p(t) - 6*q(t). Let g be a(-2). Let y(i) be the second derivative of -i**3/2 + i**2/2 + 3*i. Give y(g).
-2
Let v be (4/(-12))/(-1)*39. Suppose -v*c - 10 = -8*c. Let o(s) = -s**3 - 2*s**2 + s + 1. Let w(l) = l**2. Let n(a) = o(a) + 2*w(a). What is n(c)?
7
Let c(a) = a**2 - 2*a - 8. Let b(g) = 2*g**2 - 3*g - 17. Let z(m) = 3*b(m) - 7*c(m). Let t be (8/12)/((-1)/(-6)). What is z(t)?
9
Let c(q) = 4*q. Let n = -9 + 30. Let s be (-2)/3*18/(-4). Suppose s*o + o - l = 9, -4*o = 5*l + n. Give c(o).
4
Let v(f) = 3*f**2 - 8*f**2 + f + 194 - 195. Calculate v(1).
-5
Let b(w) = -w**3 - 3*w**2 - 4*w - 4. Let h = -13 + 10. What is b(h)?
8
Let c be ((-45)/10)/(3/(-4)). Let g(d) = 6*d**2 - d**3 + 3*d + 3*d - 2*d + 6 - d**2. What is g(c)?
-6
Let s(k) = -k**2 + 2*k + 5. Suppose 14 = z + a, -8 = -z - 0*z + 2*a. Let i = -7 + z. What is s(i)?
-10
Suppose j = -3*l + 9, -j - 2*l + 12 = 2*l. Suppose j = 2*d - 0*d. Let h = d + 3. Let i(f) = -f**3 + 3*f**2 - f + 1. Give i(h).
-2
Let m(y) = 1 + 2*y - 5*y + 4*y + 0. Let h be m(3). Let x(d) = -d**2 + 4*d - 2. What is x(h)?
-2
Let q(l) = -2*l + 1. Suppose -11 = -3*r + 10. Suppose -z - t = -3, 0*z + 4*z + 3*t - r = 0. Give q(z).
5
Let h(t) = 5*t - 2 + t**2 + 0 + 4. Suppose i = 2*z - 1 + 4, 6 = -3*z + i. What is h(z)?
-4
Let b(i) be the first derivative of 6 - 3/2*i**2 + 2*i. What is b(2)?
-4
Let n(i) = -2 + 1 + 2*i - 2. Suppose -4*p + 0 = 16, -3*a + p + 10 = 0. Let d be (a/4)/((-1)/(-6)). Determine n(d).
3
Let f(v) = v**2 - 10*v + 1. Let m(k) = 2*k + 6. Let a be m(2). Calculate f(a).
1
Let d(b) = b**3 + 3*b**2 - 49*b + 27*b + 25*b. What is d(-2)?
-2
Let x(h) be the second derivative of -h**2 + 0 + 1/3*h**3 + 5/12*h**4 + 1/20*h**5 - 2*h. What is x(-4)?
6
Let t(f) = f**2 + 7*f + 8. Let n be t(-6). Suppose -n + 3 = -s. Let k(i) = -i**3 + 0*i**3 - i**3 - i. What is k(s)?
3
Let w(d) = d**2 - 5*d + 2. Let x be (-4)/6 + 2/3. Let b = -26 + 31. Let h = x + b. Determine w(h).
2
Suppose 2*i = -q + i - 8, 5*i - 30 = 2*q. Let d(o) = -o - 1. Let x(v) = -5*v - 10. Let k(l) = q*d(l) + x(l). Let z = -35 - -36. Calculate k(z).
5
Suppose -3*z = -z - 32. Suppose -2*d - z = 2*d. Let s(u) = 3*u + 5. Give s(d).
-7
Suppose 5*d + 29 = -2*s + 3*s, -5*d = 4*s + 34. Let m(c) = c**3 + 6*c**2 + 4. Calculate m(d).
4
Suppose 0 = 2*w - 0 + 8. Let x(f) be the first derivative of 1/2*f**2 + 4*f + 2. Determine x(w).
0
Let y(r) = 2*r**2 + 1. Let d(t) = 3*t**2 - t + 1. Let m(s) = -3*d(s) + 4*y(s). Determine m(4).
-3
Let m(b) be the first derivative of -b**2 - 4*b - 2. Let o be m(-3). Suppose o*y - 1 - 5 = 0. Let k(i) = -i - 2. Give k(y).
-5
Let i(x) = -x - 8. Let j = -43 + 37. Give i(j).
-2
Let t(y) = 3*y**2 + 3*y - 1. Let r(c) = -16*c**2 - 14*c + 4. Let b(i) = -2*r(i) - 11*t(i). Calculate b(-5).
3
Let k(j) = -4*j. Let b = 62 + -88. Let x(a) = -17*a. Let q(i) = b*k(i) + 6*x(i). Calculate q(-2).
-4
Let g(t) = -t**3 - t + 2. Let b = 7 + -3. Let k = 4 - b. Give g(k).
2
Let l = 2 + 0. Let f = l - 1. Let b(a) = 2 + 0*a - f - 7*a. Give b(-1).
8
Let s(p) be the second derivative of -p**5/20 - p**4/4 + 4*p**3/3 + 2*p**2 - 7*p. Calculate s(-5).
14
Let m(u) = -12*u - 3. Let r(p) = 11*p + 2. Let x(j) = 4*m(j) + 5*r(j). Determine x(-3).
-23
Let u(f) = 0 + 0 - f + 2. Let i = -7 + 3. Give u(i).
6
Let s(g) be the third derivative of -5/6*g**3 + 0*g - 1/6*g**4 + 1/60*g**5 - 6*g**2 + 0. Let j = 1 - -3. Determine s(j).
-5
Suppose -49 + 4 = -5*o. Suppose -4 = -5*q - 3*f, -4*f = 3*q - 6*f + o. Let z(u) = -u**3 - 2*u**2. What is z(q)?
-1
Let w(x) be the third derivative of -x**5/30 + x**4/24 + x**2. Suppose 10 = s - q, -3*q = s - 0*q - 2. Let b = s + -7. What is w(b)?
-1
Let c = -25 - -25. Let q(o) = -o**2 + 3. Calculate q(c).
3
Let j(f) = 3 - 15*f - 15*f + 32*f. Determine j(-2).
-1
Suppose 0 = 2*d + 1 - 5. Let t(y) = 5*y**d + 3 - 7 - y**2 - 3*y**3 - y + 2*y**3. Give t(3).
2
Suppose 4*c - 6*c - 10 = 0. Let u(h) = -h - 8. What is u(c)?
-3
Suppose -5*y = -2*f - 17, -y = -4*f - 6*y + 11. Let h be (1/(-1))/(0 - f). Let o be -1 - (2*h + 0). Let z(i) = 6*i**2 - i. Determine z(o).
5
Let h = 8 - 5. Let t(n) = n**3 - 2*n**2 - 3*n + 3. What is t(h)?
3
Suppose 2*b - b = 4*r + 24, 5*r = -5*b - 5. Let d(j) = -1 + j + 1 + 5 - b. Let o = 9 + -14. What is d(o)?
-4
Let o(h) = 9*h + 6. Let w(k) = k + 1. Let u(x) = -o(x) + 6*w(x). Suppose -3*a = 2*l - 27, 8*a - 61 = 3*a + 2*l. Let s = a - 8. Give u(s).
-9
Let r(m) = -7*m**3 + 15*m**2 - 17*m - 6. Let v(j) = 3*j**3 - 7*j**2 + 8*j + 3. Let i(a) = -4*r(a) - 9*v(a). Calculate i(-3).
9
Let s(a) be the second derivative of -1/2*a**4 + 1/3*a**3 + 0 - 3*a - 1/2*a**2. What is s(1)?
-5
Let u(z) = -6*z - 3*z**2 + 0*z**2 + 4 + 4*z**2. Let a be 2/5 + (-72)/(-20). Determine u(a).
-4
Suppose 2*v + 8 = -2*q, 3*q = 2*v - 0 + 3. Let i(c) be the second derivative of c**4/12 + c**3 + 2*c**2 + 80*c. Calculate i(v).
-5
Let b(k) = 3*k**2 - 11*k + 1. Let j(t) = -t**2 + t - 1. Let c(z) = -b(z) - 4*j(z). Let i be c(-7). Let l(x) = -x**3 + 4*x**2 - 4*x + 2. Determine l(i).
-1
Let p(n) = n**2 - 9*n + 12. Let k be p(8). Suppose 3*h = -k - 29. Let v(g) = -7*g. Let b(o) = 13*o. Let i(s) = h*v(s) - 6*b(s). Calculate i(4).
-4
Let x(d) = -d**2 - 2*d - 2. Suppose 0 = -2*r - 2*r + 24. Let q(i) = -2*i + 9. Let z be q(r). Determine x(z).
-5
Let a(v) = 3*v**3 + 0*v**3 + 3*v - 2*v + 2*v